mber?
False
Is 23413 a composite number?
True
Is 4783 composite?
False
Is 71011 prime?
True
Is 123905 composite?
True
Is 18806 a composite number?
True
Is 18637 a composite number?
False
Is 58637 a prime number?
False
Is 28195 a composite number?
True
Is 3637 composite?
False
Is 204727 prime?
False
Is 10195 composite?
True
Is 25301 a composite number?
False
Is 239261 a composite number?
True
Is 19907 a composite number?
True
Is 564413 composite?
True
Is 23451 prime?
False
Is 54539 a prime number?
True
Is 130927 a composite number?
False
Is 287383 a composite number?
False
Is 5987 a prime number?
True
Is 457369 a prime number?
False
Is 426813 a prime number?
False
Is 44717 prime?
False
Is 301123 a prime number?
True
Is 30161 composite?
False
Is 70937 prime?
True
Is 3343 prime?
True
Is 34066 a composite number?
True
Is 261509 a prime number?
True
Is 119423 prime?
False
Is 6127 a composite number?
True
Is 3847 a composite number?
False
Is 33671 a prime number?
False
Is 408127 composite?
False
Is 183389 a prime number?
True
Is 149173 prime?
True
Is 59771 a prime number?
True
Is 2299753 composite?
False
Is 1883 prime?
False
Is 98837 composite?
False
Is 1027 a composite number?
True
Is 7451 a composite number?
False
Is 3671 composite?
False
Is 22739 a prime number?
True
Is 709571 a prime number?
False
Is 3989599 a prime number?
False
Is 224095 a composite number?
True
Is 127 prime?
True
Is 147689 a prime number?
True
Is 11801 a prime number?
True
Is 52357 composite?
True
Is 467 prime?
True
Is 31627 a composite number?
False
Is 11437 composite?
False
Is 16013 a prime number?
False
Is 11437 prime?
True
Is 7069 a prime number?
True
Is 25195 composite?
True
Is 155371 prime?
True
Is 93511 composite?
True
Is 1020163 composite?
False
Is 15689 a prime number?
False
Is 9569 a prime number?
False
Is 1030909 a prime number?
False
Is 13751 a prime number?
True
Is 10297 prime?
False
Is 24317 a composite number?
False
Is 263559 composite?
True
Is 73237 composite?
False
Is 1502749 a prime number?
False
Is 1669 a composite number?
False
Is 752711 a composite number?
True
Is 82191 composite?
True
Is 95561 a prime number?
True
Is 7919 prime?
True
Is 3082127 prime?
True
Is 65479 a composite number?
False
Is 160249 prime?
False
Is 14071 composite?
False
Is 1812805 composite?
True
Is 31259 a prime number?
True
Is 76295 prime?
False
Is 1198765 composite?
True
Is 85161 a prime number?
False
Is 53189 composite?
False
Is 50311 a composite number?
False
Is 8819 a composite number?
False
Is 120985 a composite number?
True
Is 36193 a prime number?
False
Is 725099 a composite number?
False
Is 84173 a prime number?
False
Is 31235 a composite number?
True
Is 11819 a composite number?
True
Is 403673 prime?
False
Is 12829 a prime number?
True
Is 4595 composite?
True
Is 63029 a composite number?
False
Is 310481 composite?
False
Is 36889 a composite number?
True
Is 5381 prime?
True
Is 2203 a composite number?
False
Is 1685 composite?
True
Is 4831 a prime number?
True
Is 1100089 prime?
True
Is 4703 a prime number?
True
Is 10639 composite?
False
Is 36653 a composite number?
False
Is 309499 a composite number?
True
Is 11969 a prime number?
True
Is 14591 a prime number?
True
Is 1862213 a prime number?
True
Is 84359 prime?
False
Is 65477 a prime number?
False
Is 471041 composite?
False
Is 33287 a composite number?
False
Is 2117351 prime?
True
Is 237253 a prime number?
False
Is 49103 a prime number?
True
Is 274349 a composite number?
False
Is 243619 prime?
False
Is 7621 prime?
True
Is 6995 composite?
True
Is 15819 a prime number?
False
Is 12143 a prime number?
True
Is 17065 a composite number?
True
Is 36587 a composite number?
False
Is 37319 a prime number?
False
Is 162671 composite?
False
Is 1411349 composite?
True
Is 13957 composite?
True
Is 212871 composite?
True
Is 4306 composite?
True
Is 526931 composite?
False
Is 413753 composite?
False
Is 15706 composite?
True
Is 298367 composite?
True
Is 9883 composite?
False
Is 148769 a prime number?
False
Is 265 composite?
True
Is 6387 a composite number?
True
Is 884193 composite?
True
Is 13261 a prime number?
False
Is 9353 prime?
False
Is 17519 a composite number?
False
Is 23398 composite?
True
Is 9811 composite?
False
Is 16673 prime?
True
Is 504047 a composite number?
False
Is 157103 a composite number?
False
Is 328433 a prime number?
False
Is 336417 a composite number?
True
Is 2063 composite?
False
Is 6733 composite?
False
Is 154549 a prime number?
False
Is 75507 a composite number?
True
Is 3898 prime?
False
Is 48847 a prime number?
True
Is 239417 prime?
True
Is 7186 composite?
True
Is 64781 a prime number?
True
Is 19643 a prime number?
False
Is 4099 a prime number?
True
Is 126397 prime?
True
Is 1269463 composite?
True
Is 475697 a prime number?
True
Is 189149 prime?
True
Is 27733 a prime number?
True
Is 102397 prime?
True
Is 962233 prime?
True
Is 17213 a composite number?
True
Is 270269 prime?
True
Is 1365869 prime?
True
Is 12883 prime?
False
Is 310051 a composite number?
True
Is 346679 composite?
True
Is 10319 a prime number?
False
Is 25391 a composite number?
False
Is 28643 a prime number?
True
Is 2489 prime?
False
Is 60703 a composite number?
False
Is 34123 a prime number?
True
Is 133379 composite?
False
Is 3313 a composite number?
False
Is 108131 prime?
True
Is 7451 composite?
False
Is 149249 a composite number?
False
Is 13649 prime?
True
Is 11435 a composite number?
True
Is 743 composite?
False
Is 29617 a prime number?
False
Is 33962 a prime number?
False
Is 15121 a prime number?
True
Is 54029 a composite number?
True
Is 66673 composite?
True
Is 5923 prime?
True
Is 151163 composite?
False
Is 487 prime?
True
Is 2317 prime?
False
Is 21557 a composite number?
False
Is 68311 a composite number?
False
Is 1987 prime?
True
Is 94517 prime?
False
Is 6779 a prime number?
True
Is 2433565 composite?
True
Is 64373 a composite number?
False
Is 9509 a prime number?
False
Is 192709 composite?
True
Is 136673 composite?
True
Is 42509 composite?
False
Is 170741 a composite number?
False
Is 1726303 a prime number?
True
Is 490405 a prime number?
False
Is 27509 composite?
False
Is 191053 composite?
True
Is 6385 a composite number?
True
Is 124087 composite?
False
Is 19957 a prime number?
False
Is 24659 a composite number?
False
Is 3007 a composite number?
True
Is 28807 a prime number?
True
Is 11819 prime?
False
Is 353779 prime?
False
Is 2053757 composite?
False
Is 882611 a prime number?
False
Is 61678 prime?
False
Is 31345 prime?
False
Is 1289653 a prime number?
True
Is 2437 composite?
False
Is 77761 a composite number?
False
Is 541 composite?
False
Is 7529 prime?
True
Is 89283 prime?
False
Is 14369 composite?
False
Is 113087 a prime number?
False
Is 560531 prime?
True
Is 73417 a prime number?
True
Is 10559 a composite number?
False
Is 28829 a composite number?
True
Is 1553 a prime number?
True
Is 9979 composite?
True
Is 33961 composite?
False
Is 86819 a prime number?
False
Is 352549 composite?
False
Is 1687969 composite?
False
Is 19661 prime?
True
Is 4535 prime?
False
Is 33827 a prime number?
True
Is 802819 a prime number?
False
Is 895681 prime?
True
Is 525241 a prime number?
True
Is 7513 composite?
True
Is 108451 prime?
False
Is 1337 prime?
False
Is 20563 prime?
True
Is 9059 prime?
True
Is 6051 prime?
False
Is 606569 a prime number?
True
Is 722749 prime?
True
Is 38929 a composite number?
True
Is 1567 prime?
True
Is 1570703 a composite number?
True
Is 23587 a composite number?
True
Is 218921 prime?
False
Is 1897 a composite number?
True
Is 1018 composite?
True
Is 78829 a composite number?
True
Is 5981 a composite number?
False
Is 33911 a composite number?
False
Is 359129 a composite number?
False
Is 142797 composite?
True
Is 16999 prime?
False
Is 1633 a composite number?
True
Is 1117 composite?
False
Is 44413 prime?
False
Is 88937 composite?
False
Is 31999 a prime number?
False
Is 653851 a prime number?
False
Is 11777 a composite number?
False
Is 2447 a composite number?
False
Is 32117 composite?
False
Is 50357 composite?
True
Is 192235 a prime number?
False
Is 40757 a prime number?
False
Is 59839 composite?
True
Is 66655 composite?
True
Is 248569 a composite number?
False
Is 271103 a prime number?
False
Is 1543 a composite number?
False
Is 936946 a compo